 and q?
7
Let m = -11 + -1. Let d be 20/(2/m*-4). Calculate the highest common factor of d and 75.
15
Let j = -138 + 209. Let s(h) = 6*h**2 + 6*h - 5. Let w be s(6). Suppose -t = 5*n + 2 - w, -5*t - j = -2*n. Calculate the greatest common factor of 6 and n.
6
Suppose -o = h - 4*h - 1, 0 = -o - h + 5. Calculate the highest common divisor of o and 32.
4
Suppose i = -0*i - 2. Let a be (-2)/4 - 191/i. What is the highest common factor of a and 38?
19
Suppose 0 = -o + 4*y + 25, 2*o + 4*y = -2*o. Calculate the highest common factor of o and 40.
5
Let z = 15 - 6. What is the greatest common factor of z and 27?
9
Let l = -10 + 55. Suppose 2*j + 8 = 4*j. Let k be 27/j*40/15. Calculate the greatest common divisor of l and k.
9
Let n be 30/4 - (-7)/(-14). What is the highest common factor of 63 and n?
7
Suppose -66 = -7*g - 4*g. What is the greatest common factor of 24 and g?
6
Let f = 3 + 6. Suppose 4*y + 2*i = -i + 588, 152 = y + 2*i. Suppose y = 5*o - o. What is the highest common divisor of o and f?
9
Let g be 858/4*(-2)/(-3). Let u = 25 + -12. What is the greatest common divisor of g and u?
13
Suppose -j - 5*l + 8 = 0, -2*j + 22 + 42 = -2*l. Calculate the greatest common factor of 42 and j.
14
Let z be 13 + (2 + 5)/(-7). Suppose 5*i - 545 = k, -k = 4*i - 3*k - 442. What is the highest common factor of i and z?
12
Suppose x + v + v = -4, 3*x - v = 9. Suppose -4*u = 0, 0 = 2*k - 2*u - 0*u - 2. Let t = k - -1. Calculate the highest common factor of t and x.
2
Suppose 4*m - 11*m + 14 = 0. Suppose m*r - r - 27 = 0. Calculate the highest common factor of 18 and r.
9
Let y(x) = -2*x**3 - 6*x**2 - 3*x + 1. Let a be y(-6). What is the greatest common factor of 94 and a?
47
Let r be 70/6 + 2/(-3). What is the highest common divisor of 1 and r?
1
Let s(b) = 17*b**2 - 2. Let p be s(2). Let d = 7 - 11. Let g = 10 + d. Calculate the greatest common factor of p and g.
6
Let q(p) = -p**3 + 9*p**2 + 9*p + 10. Let x be q(10). Suppose x = 2*n - 1 - 3. Calculate the highest common divisor of 16 and n.
2
Let z = 42 + -23. Let i = 21 - z. Suppose -20 - 36 = -4*d. What is the greatest common divisor of i and d?
2
Let h(j) = j**3 - 3*j**2 + j + 4. Let q be h(3). What is the greatest common factor of 7 and q?
7
Let l(s) = -s**2 - 13*s - 3. Let d be l(-13). Let p be (9/6)/(d/(-10)). What is the highest common factor of 2 and p?
1
Let j = 2 - 3. Let d be 2 + -19*(j + -1). Calculate the highest common divisor of d and 16.
8
Suppose m - 4*m = -75. What is the greatest common divisor of m and 5?
5
Suppose 446 = 5*y - 3*j - 1134, 658 = 2*y + 4*j. What is the greatest common divisor of y and 29?
29
Let v = -55 + 113. Calculate the greatest common divisor of v and 406.
58
Let p = 9 - -5. Let k(t) = -9 - t + 7*t - t. Let j be k(6). Calculate the greatest common factor of p and j.
7
Suppose 6*t - 4*t = 56. Suppose y - 5*y = -t. Let s be (-139)/(-4) + (-2)/(-8). Calculate the highest common factor of y and s.
7
Suppose -5*p = 4*f - 155, -3*p - f - 4*f + 106 = 0. Calculate the greatest common factor of p and 3.
3
Suppose 6 = -3*c - 3. Let i be (-19)/(-2) - c/(-6). Calculate the greatest common divisor of i and 3.
3
Suppose p + r + 7 = 26, 0 = -p + r + 17. Calculate the highest common divisor of 18 and p.
18
Let g be 0/(2/(6/3)). Suppose g = -3*q - 7 + 19. What is the greatest common divisor of 36 and q?
4
Suppose g + 100 = 3*o, 3*o + 64 = 5*o + 2*g. Suppose -9 = 3*a - o. Calculate the greatest common factor of 72 and a.
8
Suppose 5*d + 34 = 139. Suppose 6*z - 3*z - 5*w = d, z - 4*w = 0. What is the highest common divisor of z and 108?
12
Let r be 4/((18/(-4))/(-9)). What is the greatest common factor of 24 and r?
8
Suppose 7 = -3*h + 4*h. Suppose 4*j - 5*j + 35 = 0. Calculate the greatest common factor of j and h.
7
Let c be (-237)/(-21) + 4/(-14). Suppose -c = -g + 3. Suppose -w + 33 = -93. What is the highest common factor of w and g?
14
Let x = -202 - -338. Calculate the greatest common divisor of 17 and x.
17
Let k be 570/4 - 1/(-2). Suppose -4*f + 2*i + 49 = 7*i, -5*f + 71 = 3*i. Suppose f = 6*s - 62. Calculate the highest common divisor of s and k.
13
Suppose 0*m - 411 = -3*m + 3*f, 5*f = -2*m + 239. What is the greatest common factor of m and 33?
33
Let u = 14 - 2. Suppose -6 - 4 = 5*w. Let q be (-1)/w*80/5. What is the greatest common factor of q and u?
4
Suppose 1572 = 19*t - 898. Calculate the greatest common factor of t and 52.
26
Let d = 64 - 44. Suppose 2*f + 2*l + 2*l - 60 = 0, -l + 99 = 4*f. Suppose -2*o + 5*u + 18 = -o, f = 2*o - 4*u. Calculate the highest common divisor of d and o.
4
Suppose 65 = -3*q + 8*q. Let i = 39 - -52. What is the highest common divisor of q and i?
13
Suppose 31 = 3*g + 4. Suppose -218 - 97 = -5*t. What is the highest common divisor of t and g?
9
Suppose 36 = 4*o - 5*b + b, o - 3*b = 3. What is the greatest common factor of 132 and o?
12
Suppose 4*y + 24 = 2*t, 2*t - 4*t = y - 29. Suppose t = 5*g - 6. Suppose g*b + 4 = 2*v + 2*v, v + 2*b - 10 = 0. What is the highest common divisor of v and 12?
4
Suppose 5*l + 3*l = 40. Calculate the highest common divisor of l and 1.
1
Let f = 0 + 104. Calculate the greatest common factor of f and 8.
8
Suppose 4 = l - 0*l. Suppose l*y = y + 135. Let x be (-4)/6*81/(-6). Calculate the greatest common divisor of x and y.
9
Let w = 16 - 15. Let c = -9 + 20. What is the highest common divisor of w and c?
1
Let l be 24*16/18*3. Suppose 0 = -u - u + l. What is the highest common divisor of 16 and u?
16
Let f(d) = d**3 - 9*d**2 - 3*d + 1. Let m be f(9). Let q be m/(-3) - (-4)/(-6). Calculate the highest common divisor of q and 64.
8
Let i be 3/(24/(-52))*-14. Let q = i + -42. Calculate the highest common factor of 7 and q.
7
Let k(h) = -4*h**3 - h**2. Let s be k(-2). Let w = s - 16. Let b be 2/(-5) + 1448/20. What is the highest common factor of b and w?
12
Let q be -2*(-2)/24 - (-475)/30. Let j = 2 + 0. Suppose -j*s = -y + 8, -10 - 6 = -2*y - s. What is the greatest common divisor of y and q?
8
Let z(w) = 4*w**2 - 13*w - 10. Let k be z(10). Let x = k + -152. What is the highest common factor of 12 and x?
12
Suppose -3*b = -x - 25, -8*x + 30 = b - 4*x. What is the greatest common divisor of b and 10?
10
Let k(b) = 2*b + 6. Let d be k(0). Calculate the highest common factor of d and 42.
6
Suppose 1 - 5 = -2*f. Suppose -40 = -s - f*k + 4*k, -118 = -3*s + 5*k. Calculate the highest common divisor of s and 4.
4
Let k = -10 + 14. Suppose 2 = k*m - 42. Suppose 0 = -3*z + 5*u - 2, 3*z - 5 = -2*u - 0*u. What is the highest common divisor of z and m?
1
Let b(i) = -i**3 + i**2 - i + 9. Let a be b(0). Let k = -103 + 202. Calculate the greatest common divisor of a and k.
9
Let v be 2*(-5)/(-20)*2. Calculate the highest common factor of 9 and v.
1
Suppose -146 = -4*u - 34. What is the highest common divisor of 70 and u?
14
Suppose 4*c = 5*c - 112. Calculate the highest common factor of c and 16.
16
Suppose 3*q = -12, -2*r - 4*q = 4 + 8. What is the greatest common divisor of r and 6?
2
Let x be 81/(-2) + (-4)/(-8). Let r = 2 - x. Let z be 2 + r + (-4)/2. What is the highest common factor of z and 14?
14
Let v(x) = x**3 - 19*x**2 + 18*x + 13. Let n be v(18). Calculate the highest common divisor of n and 13.
13
Suppose 11*n = 10*n + 195. What is the highest common factor of n and 78?
39
Let d be (32/(-6))/(10/(-15) - 0). What is the greatest common factor of 56 and d?
8
Let t(r) be the third derivative of r**6/120 + r**5/10 + r**4/6 - r**3/3 + r**2. Let s be t(-5). What is the highest common factor of s and 15?
3
Suppose -1800 = 12*y - 22*y. Calculate the greatest common divisor of 40 and y.
20
Let q be (-4)/(-1) + -1 + 0. Calculate the greatest common divisor of q and 30.
3
Suppose -3*l - 12 = 3, 5*y + 3*l = 0. Suppose 0 = y*d - 8*d + 315. Calculate the highest common factor of 21 and d.
21
Let w(i) = i**2 - 5*i + 4. Let f be w(4). Let h be f/2 + 12 + 0. What is the highest common factor of h and 4?
4
Let g = -14 - -10. Let n be g/18 + 58/18. Let h = 11 - n. What is the greatest common factor of 4 and h?
4
Let b(n) = n**2 + 2*n + 2. Let h be b(-2). Let q be (-128)/(-12) + h/6. Calculate the greatest common factor of 11 and q.
11
Let z be (-10)/3 - 5/(-15). Let x = 5 + z. What is the greatest common divisor of x and 2?
2
Let g 